 common factor of 207 and 46.
23
What is the highest common factor of 583 and 212?
53
Calculate the greatest common factor of 208 and 143.
13
What is the greatest common factor of 13 and 611?
13
Calculate the highest common factor of 1044 and 36.
36
Calculate the highest common divisor of 78 and 12.
6
What is the greatest common factor of 4 and 252?
4
What is the highest common divisor of 1820 and 4810?
130
Calculate the greatest common factor of 371 and 901.
53
Calculate the highest common factor of 27 and 2403.
27
Calculate the highest common factor of 152 and 472.
8
Calculate the highest common factor of 5632 and 4576.
352
What is the greatest common divisor of 528 and 1254?
66
Calculate the highest common divisor of 234 and 910.
26
Calculate the highest common factor of 339 and 24.
3
Calculate the greatest common divisor of 2 and 566.
2
What is the highest common factor of 45 and 495?
45
Calculate the greatest common divisor of 1152 and 27.
9
What is the greatest common factor of 279 and 31?
31
What is the highest common factor of 28 and 329?
7
Calculate the highest common divisor of 1001 and 91.
91
Calculate the greatest common divisor of 1512 and 288.
72
Calculate the greatest common divisor of 256 and 40.
8
What is the greatest common divisor of 16 and 2384?
16
What is the highest common divisor of 7097 and 94?
47
What is the highest common divisor of 15 and 615?
15
What is the greatest common factor of 26 and 26?
26
What is the greatest common factor of 10 and 205?
5
What is the highest common factor of 6 and 1516?
2
What is the greatest common divisor of 104771 and 17?
17
What is the highest common divisor of 1444 and 1672?
76
Calculate the greatest common factor of 189 and 513.
27
What is the highest common factor of 19092 and 111?
111
What is the greatest common factor of 154 and 8855?
77
Calculate the greatest common divisor of 584 and 1022.
146
Calculate the highest common factor of 119 and 3213.
119
Calculate the highest common divisor of 204 and 12.
12
What is the greatest common factor of 12066 and 6?
6
Calculate the greatest common factor of 46 and 391.
23
What is the greatest common factor of 3145 and 259?
37
What is the highest common factor of 2048 and 2?
2
What is the highest common divisor of 596 and 16?
4
Calculate the greatest common divisor of 2054 and 52.
26
Calculate the highest common divisor of 215 and 8815.
215
Calculate the highest common divisor of 85 and 12665.
85
Calculate the highest common factor of 5500 and 308.
44
What is the greatest common divisor of 750 and 24?
6
Calculate the highest common factor of 2 and 32.
2
What is the highest common divisor of 289 and 34?
17
What is the greatest common factor of 6674 and 188?
94
What is the greatest common factor of 374 and 66?
22
Calculate the highest common divisor of 5 and 27.
1
Calculate the highest common divisor of 285 and 45.
15
What is the greatest common factor of 790 and 10?
10
What is the highest common divisor of 44253 and 297?
297
Calculate the greatest common factor of 1545 and 30.
15
What is the highest common factor of 41 and 943?
41
What is the highest common divisor of 9285 and 75?
15
Calculate the highest common factor of 29 and 29.
29
What is the highest common divisor of 154 and 42?
14
What is the highest common factor of 11986 and 26?
26
What is the highest common divisor of 476 and 28?
28
What is the greatest common factor of 11 and 143?
11
What is the highest common factor of 238 and 70?
14
Calculate the highest common factor of 1258 and 3922.
74
What is the highest common divisor of 39 and 182?
13
What is the highest common divisor of 176 and 143?
11
Calculate the greatest common factor of 1 and 313.
1
What is the highest common divisor of 39 and 338?
13
What is the greatest common divisor of 1110 and 330?
30
What is the highest common divisor of 5 and 395?
5
What is the highest common divisor of 91 and 1001?
91
What is the highest common factor of 109 and 981?
109
Calculate the highest common factor of 18 and 711.
9
What is the highest common divisor of 3852 and 36?
36
Calculate the greatest common divisor of 308 and 89012.
308
What is the greatest common divisor of 92 and 2?
2
Calculate the highest common factor of 26 and 4745.
13
What is the highest common divisor of 579 and 60?
3
What is the highest common divisor of 500 and 4750?
250
Calculate the greatest common divisor of 280 and 40.
40
Calculate the highest common factor of 10938 and 6.
6
What is the greatest common divisor of 12847 and 29?
29
What is the highest common factor of 126 and 14?
14
Calculate the greatest common factor of 3297 and 651.
21
Calculate the greatest common factor of 748 and 3332.
68
What is the greatest common divisor of 149 and 4768?
149
What is the highest common factor of 390 and 13?
13
Calculate the highest common divisor of 1369 and 37.
37
Calculate the highest common divisor of 1431 and 27.
27
What is the greatest common factor of 21 and 7959?
21
Calculate the greatest common divisor of 220 and 40.
20
Calculate the highest common factor of 774 and 1638.
18
Calculate the greatest common divisor of 24372 and 36.
36
Calculate the greatest common divisor of 176 and 1072.
16
Calculate the highest common factor of 912 and 768.
48
What is the greatest common factor of 294 and 44247?
147
Calculate the greatest common divisor of 7 and 385.
7
What is the highest common factor of 18 and 351?
9
Calculate the greatest common factor of 203 and 98.
7
What is the highest common divisor of 11 and 55033?
11
Calculate the highest common factor of 12 and 380.
4
What is the greatest common divisor of 62 and 2201?
31
What is the greatest common divisor of 62 and 2?
2
What is the highest common divisor of 66 and 1221?
33
What is the greatest common factor of 2 and 46?
2
What is the highest common factor of 57 and 16017?
57
What is the greatest common factor of 1079 and 65?
13
What is the greatest common factor of 400 and 100?
100
What is the greatest common divisor of 272 and 170?
34
Calculate the greatest common divisor of 185 and 10.
5
What is the greatest common divisor of 23 and 368?
23
Calculate the greatest common divisor of 422 and 6.
2
What is the highest common divisor of 637 and 130?
13
What is the greatest common divisor of 5 and 977?
1
What is the greatest common factor of 14 and 70?
14
What is the greatest common divisor of 17 and 799?
17
Calculate the greatest common divisor of 25207 and 91.
91
What is the greatest common factor of 9705 and 30?
15
Calculate the highest common divisor of 1250 and 450.
50
What is the highest common factor of 598 and 46?
46
Calculate the highest common factor of 2873 and 34.
17
Calculate the highest common factor of 88 and 5544.
88
What is the greatest common factor of 1836 and 27?
27
What is the highest common divisor of 1325 and 25?
25
Calculate the highest common factor of 189 and 1281.
21
Calculate the highest common factor of 11 and 1793.
11
Calculate the greatest common divisor of 493 and 29.
29
What is the highest common divisor of 203 and 14?
7
What is the greatest common divisor of 17 and 1207?
17
Calculate the highest common factor of 14 and 966.
14
Calculate the greatest common factor of 858 and 198.
66
Calculate the highest common factor of 308 and 1001.
77
Calculate the greatest common divisor of 8 and 64.
8
Calculate the highest common factor of 2 and 9.
1
Calculate the highest common factor of 2024 and 242.
22
Calculate the greatest common divisor of 77 and 56.
7
What is the greatest common factor of 525 and 840?
105
Calculate the greatest common factor of 12408 and 94.
94
What is the greatest common factor of 19 and 2983?
19
Calculate the highest common divisor of 945 and 5.
5
What is the highest common divisor of 57 and 152?
19
What is the greatest common factor of 155 and 250?
5
Calculate the highest common factor of 290 and 30.
10
Calculate the highest common divisor of 15409 and 19.
19
What is the highest common factor of 79 and 101041?
79
Calculate the highest common divisor of 8 and 1112.
8
What is the highest common divisor of 594 and 54?
54
What is the highest common divisor of 220 and 45?
5
What is the highest common factor of 703 and 111?
37
What is the highest common divisor of 360 and 34920?
360
C